*l + 21. What is the units digit of k(a)?
7
Let i(d) = -6*d + 6. What is the tens digit of i(-14)?
9
Let a(s) = -s + 3. Let l(q) = q**3 + q. Let x be l(0). Let n be a(x). Suppose 49 = n*j + 16. What is the units digit of j?
1
Suppose -4*u + 234 = 2*t, u - 66 = 4*t - 3*t. What is the tens digit of u?
6
Let c(x) = 4 - x + 0*x - 16 + 3*x. What is the units digit of c(8)?
4
Let x(w) be the first derivative of -1/2*w**2 - 2/3*w**3 + 1/4*w**4 + 2*w - 1. What is the units digit of x(3)?
8
Let d(c) = c + 7. Let h be d(-6). Let v(n) = h + 7 - 2 - 3 - n. What is the units digit of v(-7)?
0
Suppose -6*v = -m - v + 22, 4 = -3*m + v. Let y = m - -6. What is the units digit of y?
3
Let l(q) = 4*q**3 + q**2 - 2*q + 3. Let s be l(2). Let n = s - 20. What is the units digit of n?
5
Let m(o) = -2*o + 3. Let d be m(3). Let l be 3 + -1 + 5 + d. What is the units digit of ((-28)/l)/(1*-1)?
7
Let q = 5 - 2. Let b = -63 + 31. What is the units digit of q/(-6)*b/2?
8
What is the tens digit of (2/3)/(36/13662)?
5
Suppose -15 = -5*m - 5*z, 2*m - 4*m - 3*z = -4. Suppose 0 = -0*d - 3*d - 2*k + 19, 0 = m*d - k - 10. Suppose -4*j + d = -j. What is the units digit of j?
1
Suppose b = 3*b + 14. Let y = 11 + b. Suppose 2*j - 10 = 0, -2*i + 20 + 30 = y*j. What is the units digit of i?
5
Suppose 2*q - 21 = -5*r, -5*r = -0*q - q - 27. Let a = -3 + r. What is the units digit of (a/(-4))/((-1)/8)?
4
Let s(r) = -2*r + 8. Let w be s(-8). Let m be 14 + (-2 - -1) + 3. Let q = w - m. What is the units digit of q?
8
Let j = -71 - -223. Suppose 11*d - j = 7*d. What is the tens digit of d?
3
Let g = 163 + -27. Suppose 4*j = 3*a + 131, -4*j + g = -0*a - 4*a. What is the units digit of j?
9
Let z = -1 - 2. What is the units digit of (-2 - (z - -3))/(-2)?
1
Let g(q) = -q + 5. Let m be g(4). What is the units digit of -3*(7/(-3) + m)?
4
Let d(q) = -q**2 + 7*q. Let w be d(7). Let l(z) = z**2 - z + 2. Let j be l(w). Suppose -2*i = j*i - 32. What is the units digit of i?
8
Suppose 65 = 2*o - 25. What is the tens digit of o?
4
Suppose -4*w - 5*d + 40 = 0, 3*w - 3*d - 6 + 3 = 0. Suppose -8 = 3*r + w*q, q = -r - 2*r - 4. What is the units digit of (8/(-24))/(r/12)?
4
Let t(j) be the third derivative of -j**4/12 + j**3/6 - j**2. Let a be t(-7). What is the tens digit of -8*(a/(-4) - -2)?
1
Suppose -5*d = s - 892, -3*d - 4*s - 207 = -749. What is the units digit of d?
8
Let q = 2 - -2. Suppose q*u = -8, v + 3*u - 2 = 2. What is the units digit of v?
0
Let y = -6 + 5. Let r = 4 - y. What is the units digit of r?
5
Suppose 3*u + 448 = 4*a, -4*a - 142 + 618 = 4*u. What is the units digit of a?
5
Suppose -4*x = -64 - 48. What is the units digit of x?
8
Let g = 1 + 4. Suppose 15 = -g*k - 0*k. What is the units digit of 6/(-9)*(k - 3)?
4
Suppose -5*h = -3 + 23. What is the tens digit of (38/(-4))/(2/h)?
1
Suppose 0 = -12*c - 6*c + 576. What is the tens digit of c?
3
Let h(p) = 2*p + 4*p**2 + 4 + 3*p**2 - 2*p**2 - 1. Suppose 0 = t - 5*t - 8. What is the tens digit of h(t)?
1
Let t be 3 + (-1)/(-1)*-6. What is the units digit of (-5 + -7)*t/2?
8
Let r(y) = -y**3 - 9*y**2 - 3*y + 2. What is the tens digit of r(-9)?
2
Let c(a) = 2*a**2 + 3*a + 3. What is the tens digit of c(-3)?
1
Let y = 3 - 0. Let w = 3 - 1. Let r = y + w. What is the units digit of r?
5
Let k = -5 - -16. What is the units digit of k?
1
Suppose 15 = -c + 6*c. Suppose 2*k = c*k + 2. Let t(z) = z**3 + 2*z**2 - z - 1. What is the units digit of t(k)?
1
Suppose -3 = 4*v + 13. What is the units digit of ((-464)/(-12))/v*-3?
9
Let d = -17 + 16. Let z(u) = 39*u**2 - u - 1. What is the units digit of z(d)?
9
Suppose 2*j = 53 - 21. Suppose -5*o + j + 34 = 0. What is the units digit of 2*-1*(-5)/o?
1
Suppose 143 = 7*s - 46. What is the units digit of s?
7
Let o = -11 - -15. Suppose 0*d - 3*d + 3 = -o*u, -d = -u. What is the units digit of (-3)/u*1*5?
5
Let g(p) = -2*p + 5. Let y be g(4). Let c = y - -6. What is the units digit of c?
3
Let m(g) = -8*g**2 + 7*g + 3*g**2 - g**2 + 0*g + 4 - g**3. What is the units digit of m(-7)?
4
What is the units digit of 0 - 34/(-8) - 18/72?
4
What is the hundreds digit of (-58)/(-8)*64/(-6)*-3?
2
Let b be 2/(-11) + (-4)/(-22). Let g be 0 + -1 - (1 + b). What is the units digit of 3 + 2 + g - 0?
3
Let m(j) = j**2 - 6*j - 7. What is the tens digit of m(11)?
4
Suppose -3*c + 2 = 14. Let w = 18 - c. What is the tens digit of w?
2
What is the tens digit of -2*1/(-2)*43?
4
Let w(q) = -2*q - 2. What is the units digit of w(-2)?
2
Let n be 22/2 + (4 - 3). Suppose -2*o = -0*o - n. What is the units digit of o?
6
Let y = 3 - -3. Suppose 1 = -5*b + y. What is the units digit of b?
1
Let b = 3 + 10. What is the tens digit of b?
1
Let x(b) = -5*b**3 - 13*b**2 - 12*b - 10. Let q(z) = -4*z**3 - 12*z**2 - 11*z - 9. Let t(v) = 6*q(v) - 5*x(v). What is the tens digit of t(8)?
1
Suppose -3 = -m, -2*t + 4 = -m + 5. What is the units digit of t?
1
What is the hundreds digit of (-1 + -78 + 1 + -1)*-2?
1
What is the units digit of 101/2*6 + 21 + -17?
7
Let j be 2/(2/86*2). Let l = j - 28. Let w = l - 9. What is the units digit of w?
6
Suppose -u = -0*u. What is the units digit of 4 - -5 - (1 + u)?
8
Suppose 6*q - 3*q = 171. What is the units digit of q?
7
Let a(f) = 32*f**3 + 2*f**2 - f. Let m be a(1). Suppose 0 = -w - 2*w + m. What is the units digit of w?
1
Let l(b) = -8*b - 3. Suppose 3*x + 3 = -3*m, -5*m - 5*x - 13 = -2*x. What is the tens digit of l(m)?
3
Let b(r) = -r. Let u be b(7). Let p = u - -15. What is the units digit of p?
8
Let m = 10 + 16. What is the tens digit of m?
2
Suppose -4*p + 6*p - 42 = 0. Suppose 0*w + 3*w - p = 0. What is the units digit of w?
7
Suppose 5*h - 5 - 10 = 0. Suppose h*c - c = 14. What is the units digit of c?
7
Let d = -17 - -31. What is the tens digit of d?
1
Let h(o) = 2*o**2 + 3*o. Let b be h(-2). Suppose -4 = p + b*y, -2*p - y = -6*y - 19. What is the units digit of p?
2
Suppose -h - 258 = -3*h + 4*n, 2*n - 705 = -5*h. What is the tens digit of h?
3
Suppose 4*y + 1 - 5 = 0. Let s = y + -1. Suppose -5*f - 25 = -0*f, -3*r - f + 13 = s. What is the units digit of r?
6
Suppose 5*u + 8 = -5*t + 28, 5*t + 4 = 3*u. Let x be 11 + -5 - (-1 + t). What is the units digit of (30/(-8))/(x/(-16))?
0
What is the units digit of 52/1 - (16 - 20)?
6
Suppose -x = 24 - 4. What is the units digit of ((-33)/(-2))/((-15)/x)?
2
Suppose -4*w + 0*i = 5*i - 42, -6 = 3*i. Suppose -a + 19 = 4*n, 0 = 2*a - a + 2*n - w. What is the units digit of a?
7
Let r(p) = 2*p**2 - 3*p. What is the tens digit of r(-4)?
4
Let w(z) = -74*z. Let h be w(-1). Let x = h - 46. What is the units digit of x?
8
What is the units digit of 1137/12 + 12/(-16)?
4
What is the units digit of (-4)/12 + 170/6?
8
Suppose v = -j + 26 + 13, 0 = v + 1. What is the tens digit of j?
4
Suppose -5*w = -20, w - 2 = -2*y + 4*w. What is the units digit of y?
7
Let t(h) = h**3 - 5*h**2 - 5*h. Suppose 2*f - 14 = 5*x, -52 = -2*f - 2*f - 2*x. Let q = f - 6. What is the units digit of t(q)?
6
Let b be 4/20 - (-38)/10. Suppose 4*r = 2*l - 26, -2*l - r + b = l. Suppose 0 + 3 = -g, -l*h + 48 = -g. What is the units digit of h?
5
Suppose -n = 3*m + 4, 5*n - 5*m = -11 - 29. Let l(q) = -q + 1. Let x be l(n). What is the units digit of 4/x - 1/(-2)?
1
Let t(d) = 9*d - 14. What is the tens digit of t(7)?
4
Suppose 2*v - 9 = -2*h + h, 2*v + 4*h = 0. Suppose -2*q + v*q = 48. Suppose q = -0*x + x. What is the units digit of x?
2
Let b(y) = y - 7*y + 4*y - 9. Let s be -6*2/(-9)*-6. What is the units digit of b(s)?
7
Let d(s) = s**2 - 3*s + 2. Let f be d(3). Suppose y = -3*r + 4, 2*r + f = -y - 2*y. Suppose r*a - 20 = -2*a. What is the units digit of a?
5
Let c be (-6)/4 + (-20)/(-8). Let a = 10 + c. What is the tens digit of a?
1
Let h(i) = 6 - 3 + 2*i - 3 - 1. What is the units digit of h(4)?
7
Let p(v) = -v**3 - 6*v**2 - 7*v - 6. Let x = -16 + 23. Let r = x - 12. What is the units digit of p(r)?
4
Let p = -94 - -132. What is the tens digit of p?
3
Suppose -3*z = -3 + 9. What is the units digit of (-4 - z) + 1 - -28?
7
What is the units digit of (-3 + 0 - -34) + (-3)/1?
8
Let u(p) = 39*p + 6. Let h be u(-4). Let n = -99 - h. What is the tens digit of n?
5
Let p(f) = f**3 + 9*f**2 - 9*f + 11. What is the units digit of p(-10)?
1
What is the units digit of 3/7 - (-705)/21?
4
Supp